te c(y).
2
Let p = 10 + -8. Let t(q) = -p*q**3 + 20*q - 16*q - 3 + 5*q**3 - 4*q**2. Give t(2).
13
Let k(z) = -z + 1. Let g be (2/3)/(2/9). Suppose g = -3*t - 3. What is k(t)?
3
Let x(l) be the first derivative of l**5/20 - l**4/3 + l**3/3 - 3*l**2 + 2*l - 5. Let t(k) be the first derivative of x(k). Calculate t(4).
2
Suppose -9*j + 6*j - 9*j = 0. Let u(g) = -g**3 + g + 21. Determine u(j).
21
Let c(k) = k**2 - 3*k - 3. Let x = -4 + -2. Let y be (-10)/(-6) + (-2)/x. Suppose -3*h + 7*h = -5*m + y, 4*h - 18 = 3*m. Determine c(h).
-3
Let o(d) = -d**3 + 3*d + 1. Let u(a) = 2*a**3 - a**2 - 7*a. Let v(q) = 5*o(q) + 3*u(q). Suppose 0 = c + c - 8. Determine v(c).
-3
Let g(r) be the first derivative of 2/3*r**3 - 2 + 2*r - 1/2*r**2. Suppose -16 = 4*t - 12*t. Give g(t).
8
Let h be 152/(-26) + 4/(-26). Suppose q - 9 = -4*o, -3*q - 4*o - o + 13 = 0. Let l(g) = 2*g + q - 2*g - 6 - g. Determine l(h).
1
Let d(l) = l - 21. Let o(r) = -2*r + 32. Let x(f) = -8*d(f) - 5*o(f). What is x(-6)?
-4
Let f(k) = -4*k**2 + k. Let q be f(-1). Let z(l) be the third derivative of l**4/24 + 7*l**3/6 + l**2. Determine z(q).
2
Suppose -17 = 4*i + 3. Let j(x) = 2 + 9 + 1 - 16 - x. Determine j(i).
1
Let b(g) be the first derivative of -g**3/3 - g**2/2 + 4*g - 2. What is b(-3)?
-2
Let y(r) be the second derivative of 5*r**3/3 + 10*r. Give y(-1).
-10
Let g(r) = r + 11. Let u = -1 + 11. Let y be (-6)/(-15) + 46/u. Suppose -4*n - 5*i = 5, -i + y*i = -5*n - 13. What is g(n)?
6
Suppose o + 6 = 4*c - 8, 3*c = -o + 7. Let d = c + -4. Let s be 2 + d + (4 - 2). Let q(r) = -r**3 + 4*r**2 - 5*r + 4. Calculate q(s).
-2
Let q(m) be the first derivative of m**3/3 - 5*m**2/2 - 3*m - 3. Suppose -4 = -2*a + f, 4 = 5*a + f - 5*f. What is q(a)?
-7
Let f(u) = -u**2 - 3*u - 3. Suppose -20*l - 4 = -19*l. What is f(l)?
-7
Let d(i) be the third derivative of i**6/240 + i**5/120 - i**4/24 + 5*i**2. Let x(k) be the second derivative of d(k). Suppose 0*s = -2*s - 2. Calculate x(s).
-2
Let y(k) = -4*k - 231 + 237 + 2*k. What is y(7)?
-8
Let o(w) = -w**3 - 3*w**2 + 3*w + 6. Let i be o(-4). Let s(g) = -6*g + i*g - 3*g - 7. Determine s(6).
-1
Let a(z) = 2*z**3 + 9*z**2 - z - 3. Let p(o) = o**3 + o**2 + o - 1. Let b(n) = a(n) - 3*p(n). Let x = -1 + 6. Determine b(x).
5
Suppose q - 2 = -7. Let j be -4*((-10)/(-4))/q. Let p(i) = -5*i + 1 + j - 4 - 3 - i**2. What is p(-4)?
0
Let b(s) = s + 1. Let q = -5 + 11. Let h(m) = -m**3 + 6*m**2 + m + 1. Let i be h(q). Let k = i + -4. What is b(k)?
4
Let x(b) = 4 + b + 1 + 6 - 12. Suppose 3*i - 8*i = m + 25, 4*i + 20 = 5*m. Calculate x(i).
-6
Let c(s) = -s**3 + 5*s**2 - s + 5. Suppose -11 + 1 = -2*a. Suppose -5*f = -5*o - 50, -f - a = -o + 3*o. Let d be c(f). Let m(r) = r**2 - r + 1. Give m(d).
1
Let n(z) be the second derivative of -z**6/240 - z**5/120 - 5*z**4/12 + 4*z. Let l(j) be the third derivative of n(j). Determine l(-2).
5
Let v(h) = -5*h - 64 + 64 + 0*h. Give v(-3).
15
Let w(q) = q**2 + q - 1. Let a be w(1). Suppose 0 = -2*n + 6, 0 = 5*k - n - a - 1. Let j(o) = 4*o - k + 6*o**2 - 7 + 1 + o**3. Determine j(-5).
-2
Let c(d) = 3*d**2 - 2*d + 1. Suppose 2*l + 2*i = -6, -2*i + 18 = -4*l - 0*i. Suppose -3*r - 15 = 9. Let m be r/l*(-1)/(-2). Determine c(m).
2
Let s(r) = 2*r**2 - 8*r + 3. Let t(j) = -j**2 + 8*j - 2. Let f(q) = 2*s(q) + 3*t(q). What is f(-8)?
0
Let k(w) = 4 + 4*w + w - 3 - 4*w. Calculate k(-6).
-5
Let a be (-2)/(-3)*-6*-1. Let x be a/2*(0 + -2). Let q(m) = -m + 2 + 2*m - 2*m + 0*m. Determine q(x).
6
Suppose 30 = f - 4*s + 11, 3*f + s = -8. Let o be (f - 1) + 0 + 1. Let c(i) be the first derivative of i**3/3 - i - 10. Determine c(o).
0
Suppose -6*m + 16 = -14. Let i(c) be the third derivative of -c**4/8 + 5*c**3/6 + 2*c**2. Give i(m).
-10
Let y(a) = a**2 + 6*a - 9. Suppose 51*d - 56*d = 35. Calculate y(d).
-2
Let s(c) = -3*c + 1. Let z(a) = 6*a - 1. Let d(w) = -5*s(w) - 3*z(w). Suppose 4*f + 30 = -f. Let k(l) = l**3 + 6*l**2 + l + 4. Let j be k(f). Give d(j).
4
Let y = -22 - -17. Let p(n) = 3*n**2 + 0*n - 1 - 2*n**2 + 6*n. What is p(y)?
-6
Let v(w) = 7*w**2 - 6*w**2 - w**3 + 7 - 4 + 2*w. Give v(3).
-9
Let h = 20 - 14. Suppose -c + 9 = -h*a + a, 0 = -c - 1. Let x(g) = 2*g**2 + 2*g - 1. Calculate x(a).
3
Let f(p) = p**2 + 8*p + 6. Let k(d) = -d**2 - 8*d - 6. Let z(t) = -3*f(t) - 2*k(t). Let o be -5 - 28/(-6) - 14/3. Give z(o).
9
Let d be (189/6)/9*-2. Let j(l) = l**3 + 8*l**2 + 9*l. Calculate j(d).
-14
Let r(f) be the second derivative of -f**5/30 - f**4/24 - f**2 + f. Let i(j) be the first derivative of r(j). Let o = -74 - -75. Give i(o).
-3
Let y(n) be the second derivative of -n**3/6 + 3*n**2 + n. Let l be y(4). Let c(f) = f - f - l - f. Give c(-2).
0
Let c(o) be the first derivative of -o**2/2 + 8*o - 1. Suppose -f = 4*f. Suppose 4*a - 16 = f, 2*a + 2 - 14 = -t. Determine c(t).
4
Let c(u) = -u**2 - 2. Let n = -7 + 12. Suppose -2*s = -n - 11. Suppose -5*g - s = 2. Give c(g).
-6
Let a(w) = 4*w**2 - w**2 - w + 2*w**2. Let u(s) = s + 15. Let q be u(-14). Calculate a(q).
4
Let u(b) = 3*b + 3. Suppose 3*x = 12 - 42. Let m = x - -7. What is u(m)?
-6
Suppose -6 = 3*l - 5*l. Suppose 5*x - l*x = -10. Let h(c) be the second derivative of -c**3/6 - 4*c**2 + c. What is h(x)?
-3
Let t(m) = -m**2 + 13*m - 10. Let x be t(12). Let w be (2 - (x - 3)) + -8. Let p(d) = -d**2 - 7*d - 6. Give p(w).
4
Let w(p) = 2*p + 1. Let z(j) = 5*j + 7. Let i(f) = 3*w(f) - z(f). Let t(l) = -l + 7. Let v be t(5). Calculate i(v).
-2
Let s(w) = w**2 - 3*w - 1. Suppose -35 = -4*p - 3*p. Calculate s(p).
9
Let u(x) = -11*x - 3. Let v(o) = 6*o + 1. Let a(i) = -3*u(i) - 5*v(i). Let l(w) = w**2 + 5*w. Let d be l(-5). Suppose d*n - 15 = 5*n. Calculate a(n).
-5
Let i(y) = 5*y**3 - 2*y - 1. Suppose -2*d + z + 3 = 0, -4*d + 3*z - 9 = -2*z. Suppose d = -5*n - 1. Let b be i(n). Let u(g) = g**2 + 5*g. Calculate u(b).
-4
Let t(r) = r**2 + 15*r + 26. Let i be t(-13). Let j(x) be the first derivative of -x**3/3 + 2*x + 1. What is j(i)?
2
Let g be 2/5 - 46/(-10). Let s = g - 9. Let m(x) = x + 10. Let h(f) = f + 9. Let n(j) = -5*h(j) + 4*m(j). Determine n(s).
-1
Let z(d) = d - 6*d**2 - 2*d**2 + 0*d. Let l(u) = -u**2 - u + 1. Let i(f) = 7*f + 12. Let k(o) = i(o) - l(o). Let h be k(-6). What is z(h)?
-9
Let z(u) = u - 4. Let m be z(5). Let v(p) = 7*p + 1. Calculate v(m).
8
Let z(f) be the first derivative of f**2/2 - 4*f - 15. Calculate z(5).
1
Let f be -3 + 4 + (-1 - 0). Suppose f*b + b = 0. Let x(c) = -c**3 - c**2 + c - 1. Let q(o) = o**3 + o**2 - 2*o - 4. Let m(y) = q(y) + 2*x(y). Determine m(b).
-6
Let a(d) = 3*d**2 + 2*d + 3. Let c(w) = w**2 + w + 1. Let o(m) = -3*a(m) + 8*c(m). Let b(r) = 2*r**2 + 1. Let u be b(1). Give o(u).
-4
Let q(x) = -x + 0 - 3*x**2 + 9 + 4*x**2 - 4. Determine q(0).
5
Let n(s) = s**3 - 6*s**2 + 6*s. Let d(l) = 6*l**2 - 2*l + 1. Let k be d(1). Determine n(k).
5
Suppose 0 = -5*q + 5*v - 9 - 6, -6 = 3*v. Let z(a) = -a. What is z(q)?
5
Let r = 8 + -5. Let u(x) = 6*x**3 - 3*x**r + 4*x**3 - 1 - 2*x**3. Let q be 4/(-6) - (-10)/6. Determine u(q).
4
Let c(l) = 0 + 5 + l + 0*l + 2*l. Let o(v) be the third derivative of v**4/24 + v**3/6 - v**2. Let u(d) = -2*c(d) + 9*o(d). What is u(-2)?
-7
Let j(t) = 2*t. Let v(n) = 5*n + 2. Let k(y) = 6*j(y) - 2*v(y). Determine k(5).
6
Let i(s) = s**2 - 3*s. Let h = 9 + -7. Let c be ((-3)/h)/((-9)/6). Let d(l) = 4*l - 1. Let q be d(c). Determine i(q).
0
Let q(h) = 5*h + 7. Let d(x) = 6*x + 7. Let u(a) = -4*d(a) + 5*q(a). What is u(-6)?
1
Let f = 4 + -4. Let l(c) = f*c - 6*c + 2*c. What is l(1)?
-4
Let u(d) be the first derivative of -d**2 + 15*d + 1. Let s be u(7). Let i(m) = -2*m**2 - 1. What is i(s)?
-3
Suppose -p - 3*p = 16. Let b(u) = -2*u**2 - 6*u. Determine b(p).
-8
Let l(n) = -2*n - 2. Let c(g) = -g - 1. Let y(b) = 4*c(b) - 3*l(b). What is y(5)?
12
Let l(y) = 2*y**2 + y - 2. Let g be -3 - (-3 + 5 - 1). Let a(s) = s**2 + s - 1. Let h(v) = g*a(v) + l(v). Determine h(2).
-12
Let t(z) = z**3 - 5*z**2 - z + 4. Suppose 0 = 3*u - 5*u + 60. Suppose 4*s - u + 10 = 0. Give t(s).
-1
Let o(q) = 3*q + 2. Suppose -11 = -3*u + 1. Determine o(u).
14
Let k(t) be the second derivative of -t**5/20 + t**4/3 + t**3/6 - 5*t**2/2 - t. Let i(r) = r**2 + 7*r - 6. Let q be i(-8). Let u = q + 2. Calculate k(u).
-1
Let n(p) = -3*p**2 - 10*p + 10. Let i(y) = -1 - y**2 + 15 - 3*y 